ndred thousands digit of 42149142?
1
What is the hundred thousands digit of 29706273?
7
What is the units digit of 2197410176?
6
What is the millions digit of 36426449?
6
What is the hundreds digit of 511770055?
0
What is the millions digit of 285429302?
5
What is the ten thousands digit of 21241594?
4
What is the tens digit of 538676102?
0
What is the units digit of 205957472?
2
What is the units digit of 310556452?
2
What is the thousands digit of 2228440?
8
What is the tens digit of 15962989?
8
What is the ten thousands digit of 3127505061?
0
What is the ten thousands digit of 30757105?
5
What is the units digit of 78059869?
9
What is the thousands digit of 63084883?
4
What is the ten thousands digit of 80032437?
3
What is the hundred thousands digit of 156184195?
1
What is the units digit of 2337431581?
1
What is the hundreds digit of 229080491?
4
What is the thousands digit of 301609385?
9
What is the tens digit of 127537218?
1
What is the ten thousands digit of 380161432?
6
What is the millions digit of 6292679?
6
What is the thousands digit of 207401898?
1
What is the tens digit of 202723134?
3
What is the ten millions digit of 62965808?
6
What is the ten thousands digit of 15829796?
2
What is the hundred millions digit of 100293680?
1
What is the ten thousands digit of 4941856?
4
What is the hundreds digit of 77059532?
5
What is the thousands digit of 313275866?
5
What is the millions digit of 221476610?
1
What is the ten thousands digit of 1186419179?
1
What is the thousands digit of 1175006812?
6
What is the ten millions digit of 45328158?
4
What is the thousands digit of 2132202183?
2
What is the hundreds digit of 1398259275?
2
What is the hundreds digit of 8598274?
2
What is the thousands digit of 300001466?
1
What is the hundred millions digit of 4899204074?
8
What is the hundreds digit of 3500449320?
3
What is the thousands digit of 42152474?
2
What is the billions digit of 5817460376?
5
What is the tens digit of 303034251?
5
What is the ten thousands digit of 39610902?
1
What is the hundred millions digit of 718054956?
7
What is the millions digit of 194262195?
4
What is the ten thousands digit of 548621387?
2
What is the ten thousands digit of 22273998?
7
What is the tens digit of 137136240?
4
What is the millions digit of 33147696?
3
What is the hundred thousands digit of 453523370?
5
What is the hundreds digit of 115444772?
7
What is the thousands digit of 81445712?
5
What is the hundred thousands digit of 155196689?
1
What is the millions digit of 17374835?
7
What is the millions digit of 51535253?
1
What is the thousands digit of 324278902?
8
What is the thousands digit of 362405292?
5
What is the thousands digit of 6902850?
2
What is the thousands digit of 353168880?
8
What is the ten thousands digit of 307984930?
8
What is the hundred thousands digit of 109000334?
0
What is the hundreds digit of 993966541?
5
What is the hundred millions digit of 333616301?
3
What is the thousands digit of 114725654?
5
What is the hundred thousands digit of 45714789?
7
What is the millions digit of 843459657?
3
What is the millions digit of 17003219?
7
What is the ten thousands digit of 330948508?
4
What is the hundred thousands digit of 85963199?
9
What is the millions digit of 239764887?
9
What is the ten millions digit of 87582586?
8
What is the thousands digit of 3215994277?
4
What is the hundreds digit of 3298411767?
7
What is the hundred thousands digit of 2742921808?
9
What is the units digit of 46311547?
7
What is the ten thousands digit of 1114619591?
1
What is the tens digit of 35986578?
7
What is the millions digit of 5773177?
5
What is the ten millions digit of 219988829?
1
What is the hundred millions digit of 2476781209?
4
What is the units digit of 59001840?
0
What is the hundreds digit of 31429872?
8
What is the hundred thousands digit of 232962893?
9
What is the ten millions digit of 117937320?
1
What is the units digit of 1567636231?
1
What is the thousands digit of 26236771?
6
What is the millions digit of 183808617?
3
What is the millions digit of 721450372?
1
What is the hundreds digit of 4683518039?
0
What is the ten thousands digit of 264227438?
2
What is the ten millions digit of 209663463?
0
What is the ten thousands digit of 83487964?
8
What is the ten millions digit of 30804664?
3
What is the hundred millions digit of 2557365914?
5
What is the millions digit of 35271175?
5
What is the units digit of 97022?
2
What is the hundred thousands digit of 1604512931?
5
What is the hundred thousands digit of 17128805?
1
What is the hundred thousands digit of 76287464?
2
What is the ten millions digit of 86854084?
8
What is the units digit of 17027942?
2
What is the millions digit of 358556213?
8
What is the hundred thousands digit of 43171306?
1
What is the units digit of 52465773?
3
What is the millions digit of 5183043355?
3
What is the tens digit of 287836146?
4
What is the ten millions digit of 801191070?
0
What is the billions digit of 5103097920?
5
What is the billions digit of 1349177303?
1
What is the hundreds digit of 788289611?
6
What is the millions digit of 63787749?
3
What is the units digit of 68044204?
4
What is the hundred thousands digit of 153680902?
6
What is the hundred thousands digit of 2426179266?
1
What is the hundreds digit of 313709288?
2
What is the ten millions digit of 2224972224?
2
What is the hundred thousands digit of 1229823257?
8
What is the units digit of 7220411827?
7
What is the ten thousands digit of 6921109?
2
What is the billions digit of 3067980845?
3
What is the hundred millions digit of 834223086?
8
What is the tens digit of 63613234?
3
What is the units digit of 11249075?
5
What is the tens digit of 75417940?
4
What is the thousands digit of 887076645?
6
What is the tens digit of 149177224?
2
What is the thousands digit of 59548422?
8
What is the hundred millions digit of 103335820?
1
What is the hundreds digit of 42799756?
7
What is the tens digit of 803535964?
6
What is the ten millions digit of 305786683?
0
What is the hundred millions digit of 4026679462?
0
What is the hundreds digit of 203957287?
2
What is the ten millions digit of 40370750?
4
What is the ten millions digit of 423083991?
2
What is the units digit of 81552242?
2
What is the tens digit of 9743860?
6
What is the ten thousands digit of 3878359854?
5
What is the thousands digit of 362843112?
3
What is the hundred millions digit of 931597019?
9
What is the hundred thousands digit of 133444824?
4
What is the ten thousands digit of 1060330689?
3
What is the ten thousands digit of 554205200?
0
What is the ten thousands digit of 33138248?
3
What is the thousands digit of 267408092?
8
What is the hundreds digit of 19669103?
1
What is the units digit of 4061170?
0
What is the hundred thousands digit of 632864456?
8
What is the hundred thousands digit of 1141207390?
2
What is the ten thousands digit of 744300705?
0
What is the tens digit of 137538161?
6
What is the hundreds digit of 360669482?
4
What is the units digit of 5191980140?
0
What is the tens digit of 39545174?
7
What is the hundreds digit of 322669332?
3
What is the thousands digit of 631181048?
1
What is the millions digit of 144175377?
4
What is the tens digit of 73553194?
9
What is the hundred millions digit of 391937741?
3
What is the millions digit of 3997650603?
7
What is the ten thousands digit of 320162895?
6
What is the hundreds digit of 2129665821?
8
What is the millions digit of 5025376808?
5
What is the units digit of 6929991716?
6
What is the thousands digit of 306595791?
5
What is the tens digit of 1703128056?
5
What is the hundreds digit of 824829213?
2
What is the ten thousands digit of 91015544?
1
What is the millions digit of 7781959104?
1
What is the ten thousands digit of 32439560?
3
What is the thousands digit of 4143575669?
5
What is the thousands digit of 766076423?
6
What is the thousands digit of 42892476?
2
What is the thousands digit of 1563190945?
0
What is the millions digit of 5425375?
5
What is the millions digit of 304279358?
4
What is the units digit of 789171037?
7
What is the hundreds digit of 365174793?
7
What is the ten millions digit of 640667026?
4
What is the units digit of 679108674?
4
What is the thousands digit o